d).
0
Let z(p) be the third derivative of -p**5/15 + p**4/12 + p**3/6 + 6*p**2. Calculate z(-1).
-5
Let l(b) = -b**2 - 4 + 0*b**3 + b**3 - 6*b**2 + 9 - 8*b. What is l(8)?
5
Let w(b) = -b**2 + b + 4. Suppose -2*v = 2*v. Let z(s) = 1 + v - s + 2. Let k be z(3). Determine w(k).
4
Let y(p) = -p**2 - 2*p - 2. Let o(v) = -v**2 + 13*v - 19. Let a be o(11). Give y(a).
-17
Let x(s) = -5*s**3 - 2*s - 1. Let l(d) be the second derivative of -d**5/5 - d**3/6 - d**2/2 - d. Let b(a) = -4*l(a) + 3*x(a). Give b(2).
5
Let f(b) be the third derivative of 5*b**4/24 + b**3/3 - 12*b**2. Calculate f(-2).
-8
Let d(r) be the first derivative of r**2/2 - r - 10. Give d(2).
1
Let t(x) be the second derivative of x**4/12 + 2*x**3 + 7*x**2 + 25*x. Calculate t(-10).
-6
Let k(t) be the second derivative of 7*t**6/360 + t**5/60 + t**4/24 - t**3/3 - 2*t. Let a(l) be the second derivative of k(l). Calculate a(-1).
6
Let x(g) = -2 - 4*g**2 + 13*g**2 - 4*g - 8*g**2. Give x(5).
3
Let w be (-1)/7 + (-104)/56. Let l(k) = -k - 5. Let d be l(-6). Let x be 2 - ((w - d) + 0). Let i(b) = b - 4. What is i(x)?
1
Let d(l) = -l**3 - 17*l**2 - 43*l - 11. Let t be d(-14). Let r(k) = -4*k**2 + 5*k + 6. Let c(f) = 3*f**2 - 5*f - 5. Let g(x) = -3*c(x) - 2*r(x). Determine g(t).
9
Let a(x) be the first derivative of -x**4/2 - x**2/2 + 13. What is a(1)?
-3
Suppose -v = 3*b - 8*b + 5, -3*v - 15 = 3*b. Let y(h) = -h**2 - 3*h - 4. Let d(s) = -2*s**2 - 7*s - 9. Let x(o) = 3*d(o) - 5*y(o). What is x(v)?
-2
Let t(y) = 2*y**3 + 4*y**2 + 2*y. Suppose -5*l + 5 = -3*n, -5*l - 11 = -2*l + n. What is t(l)?
-4
Let r(o) be the second derivative of o**3/6 - o**2 + 2*o. Give r(-7).
-9
Let d(a) = 3*a. Let j(r) = -2*r. Let y(n) = 5*d(n) + 8*j(n). What is y(2)?
-2
Let o(a) = a + 3. Let u(w) = -w**2 - 6*w - 2. Let d be u(-5). Suppose -4*f + 11 = -3*z - 6*f, -d*f - 9 = 3*z. Give o(z).
-2
Suppose 0 = 2*g + 3*g + 30. Let i be (-4)/6*g/4. Let s(q) = 2*q**2 + q. What is s(i)?
3
Let f(c) = -c**2 - 5. Let r = 56 - 56. Calculate f(r).
-5
Let f(l) = l**3 + l - 4. Let s = -2 + 4. Let g be (-3)/(-5) + s/5. Let a be g + (-3 - (2 + -4)). Determine f(a).
-4
Let w(k) = 5*k - 1. Let s(f) be the third derivative of -f**4/24 - 3*f**3/2 - 3*f**2. Let q be s(-10). What is w(q)?
4
Let k(d) = 6*d**2 + 6*d - 4. Let x(n) = 7*n**2 + 6*n - 5. Let h(j) = 5*k(j) - 4*x(j). Suppose 0 = 4*s - 5*s + 2*f - 4, -3*f - 12 = 3*s. What is h(s)?
8
Let n be (2 + -3 - -7)/2. Let v = 3 - -3. Suppose -v*l = -n*l. Let h(o) = o**3 + o**2 - o - 4. Calculate h(l).
-4
Let k(w) = -w - 2. Suppose 2*t = -5*z - 4 - 2, -4*z = 0. Let u be ((-10)/t)/(3/9). Suppose 0 = 3*o - o + u. Calculate k(o).
3
Let g(j) = -15*j**3 - 2*j**2 + 1. Let m = -2 + 1. Give g(m).
14
Let x = -5 - -8. Let m be 0 + -5 + x + -1. Let z(h) = 2*h**2 + 0 + 2 - h**3 - 5*h**2. Calculate z(m).
2
Let f(g) = 21*g - 14. Let o(y) = -7*y + 4. Let k(v) = 2*f(v) + 7*o(v). What is k(-1)?
7
Let d(q) = -q - 16. Let t(y) = -y**3 - 9*y**2 + 11*y. Let j be t(-10). Let s be d(j). Let i(o) = -o**2 - 5*o + 8. Give i(s).
2
Let s(p) = -7*p - 3 - 4*p + 14*p + 4 + p**2. What is s(-2)?
-1
Suppose 0 = -5*n + n. Let a(w) be the first derivative of 2*w - 1 - 1/2*w**2. Calculate a(n).
2
Let v(h) = h**3 - 5*h**2 + 2*h - 3. Let n be 6/(-14) - 0 - (-304)/56. Give v(n).
7
Let k(h) be the third derivative of h**4/24 - h**3/6 + 7*h**2. Give k(5).
4
Let l = 2 + 4. Let g(c) = c**2 - 6*c - 1. Give g(l).
-1
Let b(j) = 2*j - 7. Suppose -8*y - 19*y = -216. What is b(y)?
9
Let v(z) = -z**3 + z**2 - z + 1. Let h(x) = -4*x**3 - x**2 - 5*x + 7. Let y(w) = -h(w) + 3*v(w). Give y(-3).
-1
Let z(q) = q**2 + 5*q. Suppose v + h + 2 = -0*v, 4*h - 10 = -v. Determine z(v).
6
Let j be (-4)/10 + (-12)/(-5). Suppose -b - 10 = -6*p + p, -p + j = 0. Let z(u) = u + 1. Give z(b).
1
Let z(i) = -i**3 + i - 1. Let f(x) = 3*x**3 + 3*x**2 - 4*x + 3. Let h be 3/2*8/6. Suppose -j = -0*j - h. Let d(g) = j*z(g) + f(g). Determine d(-4).
-7
Let r(q) = -q**2 + 7. Let p be (-2 - 7/(-3))*3. Let v(l) = -l**2 + 2*l - 1. Let t be v(p). Give r(t).
7
Suppose -5*d - 26 + 6 = 0. Let a(k) = 1 + k**2 - 8*k + 5 + k**2. Let y(r) = -5*r**2 + 23*r - 17. Let n(c) = -8*a(c) - 3*y(c). Calculate n(d).
7
Let p = -6 + 12. Let a = 9 - p. Let n(x) = 11*x**3 - 9*x**2 - 4*x + 4. Let s(o) = 20*o**3 - 16*o**2 - 8*o + 8. Let u(y) = -11*n(y) + 6*s(y). Calculate u(a).
-8
Let u(s) = s**2 - 2*s + 1. Let y(o) = 3*o**2 - 3*o + 2. Let j(f) = 5*u(f) - y(f). Determine j(6).
33
Suppose -16*i - 6 + 22 = 0. Let s(c) = -c**3 + c - 1. What is s(i)?
-1
Let n(r) = r**2 + 2*r - 4. Suppose 3*i = 3*t - 24, -i - 5*t + 3 + 13 = 0. Calculate n(i).
4
Suppose -4*y = -16 - 0. Let j(o) be the third derivative of o**6/120 - o**5/12 + o**4/6 + o**3/6 - 3*o**2. Give j(y).
1
Suppose 4*j + 3*p + 15 = -0*j, 0 = 3*j + 4*p + 13. Let k(q) = -q**2 + 3. Give k(j).
-6
Let p(r) be the second derivative of 0 - 1/12*r**4 - 1/2*r**3 + 1/2*r**2 - r. What is p(2)?
-9
Let g(n) = n + 7. Let l(d) = -d + 5. Let b(t) = -2*t + 4. Let y(a) = -2*b(a) + 3*l(a). Let r be y(0). Let v = r - 10. Calculate g(v).
4
Let l(o) = -o**2 + 8*o - 1. Let d be l(8). Let h(q) = -2*q**3 - 4 - q**3 - 4*q + 2*q. Let r(p) = -6*p**3 - 4*p - 9. Let j(z) = -7*h(z) + 3*r(z). Give j(d).
-4
Suppose 0 = 3*d, -5*h + 0*h - 2*d = 5. Let o be 16/6*(-72)/(-32). Let c(z) = -5*z - o*z + 3*z. What is c(h)?
8
Let p(w) = -31*w**3 + 11*w**2 + 13*w. Let i(b) = 15*b**3 - 5*b**2 - 6*b. Let h = 17 + -23. Let v(a) = h*p(a) - 13*i(a). Give v(-1).
8
Let a(v) be the third derivative of -v**6/30 + v**5/60 - v**3/6 - 31*v**2. Calculate a(-1).
4
Let s(u) be the second derivative of u**5/60 - u**4/6 + u**3/2 + 2*u. Let j(i) be the second derivative of s(i). Give j(3).
2
Let j(b) = -32*b**2 + 8*b - 11. Let t(o) = -11*o**2 + 3*o - 4. Let q(u) = -4*j(u) + 11*t(u). Let m(d) = d - 2. Let r be m(3). Determine q(r).
8
Suppose 0 = 3*h - 17 + 2. Let m(g) = 7*g**2 + 2 + 4*g - 3 - h*g. What is m(-1)?
7
Let a(n) = 6 + 4*n**2 - n**2 + 5*n + 4*n**2 - 6*n**2. Give a(-5).
6
Let n(f) be the first derivative of f**6/60 + f**5/60 - f**4/24 + 2*f**3/3 + 3. Let b(p) be the third derivative of n(p). Calculate b(1).
7
Let f(q) = 1 + 3 + 2*q**2 + 2*q - 6. Let x be f(-2). Suppose 0 = x*s - 7*s. Let o(l) = -l**2 + l. Give o(s).
0
Let n(d) be the first derivative of d - 6 - 6*d**2 + 4*d**2 + 8*d**2. Let y = -4 - -3. Determine n(y).
-11
Let h be -5*1*(-12)/10. Suppose 3*f - 11 = -2. Let d(u) = f*u - u + u + h. What is d(-4)?
-6
Let d(c) be the second derivative of c**4/12 + 5*c**3/6 - 5*c**2/2 + 13*c. Calculate d(-7).
9
Suppose 5*a - 15 = -0*a. Let y(u) = 2*u**3 + 2 + u - 8*u**2 + 7*u**2 + 0*u**a. Determine y(2).
16
Let v(d) = -5*d**2 - 17*d - 4. Let q(x) = x**2 + 4*x + 1. Let y(c) = -9*q(c) - 2*v(c). Suppose 4*f = -j + 2, f = 3*j - 1 + 8. Determine y(j).
7
Let x be (18/(-15))/((-12)/30). Let n(r) = -r + 3. Give n(x).
0
Let n(h) be the first derivative of 1/3*h**3 - 3 - 3/2*h**2 + 2*h. Suppose 5*m - 5*w + 3*w - 23 = 0, 5*w + 11 = -3*m. Determine n(m).
2
Suppose 1 = 6*g - g + x, 3*x + 11 = -g. Let v(m) = -14*m + 1. Calculate v(g).
-13
Let q(i) = -4 + 8*i - 4*i**2 + 4*i**2 - i**3 + 5*i**2. Give q(6).
8
Let c be ((-45)/21)/(-3) + (-4)/(-14). Let f(k) be the first derivative of k**6/60 + 2*k**3/3 - 1. Let b(v) be the third derivative of f(v). Calculate b(c).
6
Let x(f) = f - 8. Let c be (6 - 3)*(-22)/(-6). Suppose c = 2*q + 2*r + 3, 2*q - 11 = -r. Determine x(q).
-1
Suppose 0 = 3*y + u - 15 - 3, -5*u = 0. Let j be (-8)/y*9/6. Let s = j + 2. Let p(n) = -n**3 + n**2 - 7. Give p(s).
-7
Let q(y) be the second derivative of -y**4/12 - 4*y**3/3 + 19*y. Determine q(-7).
7
Let o(t) = t**2 - 5*t - 2. Suppose -5*x - 5*p = -5, 0 = 3*p + 2*p + 15. Calculate o(x).
-6
Let p(k) = 5*k**2 - 3*k + 11. Let w(s) = 11*s**2 - 7*s + 23. Let y(r) = -13*p(r) + 6*w(r). Let o(t) = -t + 1. Let m be o(-3). Calculate y(m).
-1
Let y(v) = -v. Let l(q) = -q**3 + 4*q**2 + 3*q - 3. Let b(i) = -l(i) - 4*y(i). Give b(3).
-3
Let p(u) = u + 11. Let w = -64 + 64. Give p(w).
11
Let b(d) = 7*d - 11. Let k(o) = -4*o + 5. Let p(s) = -6*b(s) - 11*k(s). Give p(-9).
-7
Let y(n) = -2*n**3 + 4*n**2 - 2*n - 2. Let r = -5 + 4. Let q = r - -3. Calculate y(q).
-6
Let i(l) = -l**3 - 6*l**2 - 4*l + 7. Let z be i(-5). Suppose -z*n = -4*b + 10, -5*n + 11 = 2*b + 36. Let v(j) = -j**